ctors of 3379019?
7, 482717
List the prime factors of 5988789.
3, 221807
What are the prime factors of 1576416?
2, 3, 16421
What are the prime factors of 11501?
7, 31, 53
What are the prime factors of 4793156?
2, 1198289
What are the prime factors of 153894?
2, 3, 13, 1973
List the prime factors of 142326.
2, 3, 7907
What are the prime factors of 239067?
3, 101, 263
What are the prime factors of 147435?
3, 5, 9829
What are the prime factors of 104964?
2, 3, 8747
What are the prime factors of 12182582?
2, 6091291
What are the prime factors of 1068422?
2, 534211
List the prime factors of 76264.
2, 9533
What are the prime factors of 4426043?
191, 23173
List the prime factors of 1406858.
2, 149, 4721
List the prime factors of 491490.
2, 3, 5, 43, 127
List the prime factors of 9009472.
2, 140773
What are the prime factors of 3952474?
2, 43, 45959
What are the prime factors of 436058?
2, 7, 31147
List the prime factors of 226191.
3, 7, 10771
List the prime factors of 571817.
53, 10789
What are the prime factors of 37756?
2, 9439
What are the prime factors of 15296429?
37, 413417
List the prime factors of 1184500.
2, 5, 23, 103
List the prime factors of 96459.
3, 11, 37, 79
List the prime factors of 315970.
2, 5, 19, 1663
What are the prime factors of 2781480?
2, 3, 5, 13, 1783
What are the prime factors of 313449?
3, 163, 641
List the prime factors of 1380514.
2, 107, 6451
List the prime factors of 44636.
2, 11159
What are the prime factors of 202708?
2, 11, 17, 271
What are the prime factors of 15136016?
2, 7, 149, 907
List the prime factors of 7037002.
2, 7, 502643
What are the prime factors of 266117?
266117
List the prime factors of 1528658.
2, 839, 911
List the prime factors of 27563266.
2, 59, 109, 2143
List the prime factors of 38884581.
3, 4320509
List the prime factors of 396787.
149, 2663
What are the prime factors of 2336517?
3, 89, 2917
What are the prime factors of 385314?
2, 3, 149, 431
List the prime factors of 7667699.
13, 59, 769
List the prime factors of 181688.
2, 13, 1747
List the prime factors of 3237854.
2, 17, 95231
List the prime factors of 19489.
19489
List the prime factors of 16483429.
79, 137, 1523
What are the prime factors of 2587132?
2, 23, 61, 461
What are the prime factors of 7618668?
2, 3, 149, 4261
List the prime factors of 128573.
19, 67, 101
List the prime factors of 262913.
7, 23, 71
List the prime factors of 447867.
3, 7, 7109
List the prime factors of 11655294.
2, 3, 7, 359, 773
List the prime factors of 46000.
2, 5, 23
What are the prime factors of 1753588?
2, 199, 2203
What are the prime factors of 30488914?
2, 1993, 7649
List the prime factors of 125743.
125743
What are the prime factors of 2781170?
2, 5, 7, 67, 593
List the prime factors of 7169956.
2, 1792489
List the prime factors of 10914155.
5, 7, 199, 1567
List the prime factors of 3640115.
5, 19, 38317
List the prime factors of 6625786.
2, 3312893
What are the prime factors of 23353397?
23353397
What are the prime factors of 1735874?
2, 7, 17713
List the prime factors of 1518302.
2, 311, 2441
List the prime factors of 1403168.
2, 13, 3373
What are the prime factors of 20367688?
2, 11, 53, 397
What are the prime factors of 1282929?
3, 499, 857
What are the prime factors of 389518?
2, 59, 3301
List the prime factors of 2901493.
7, 457, 907
List the prime factors of 3457195.
5, 7, 103, 137
List the prime factors of 1409504.
2, 17, 2591
What are the prime factors of 1475042?
2, 31, 37, 643
List the prime factors of 3363847.
43, 78229
What are the prime factors of 231948?
2, 3, 17, 379
List the prime factors of 40285753.
40285753
List the prime factors of 1904754.
2, 3, 317459
List the prime factors of 190758.
2, 3, 31793
List the prime factors of 556447.
53, 10499
What are the prime factors of 19036122?
2, 3, 7, 29, 15629
List the prime factors of 8630469.
3, 47, 2267
What are the prime factors of 542393?
19, 28547
What are the prime factors of 5830325?
5, 31, 7523
List the prime factors of 13269612.
2, 3, 31, 35671
List the prime factors of 4356836.
2, 11, 83, 1193
What are the prime factors of 1776960?
2, 3, 5, 617
List the prime factors of 2968540.
2, 5, 17, 8731
What are the prime factors of 5748039?
3, 11, 58061
List the prime factors of 43686.
2, 3, 809
List the prime factors of 4045487.
1879, 2153
List the prime factors of 24507.
3, 7, 389
What are the prime factors of 23036984?
2, 23, 125201
List the prime factors of 12022970.
2, 5, 569, 2113
List the prime factors of 17636282.
2, 8818141
List the prime factors of 280063.
7, 40009
What are the prime factors of 3322352?
2, 11, 43, 439
What are the prime factors of 22571628?
2, 3, 29, 37, 1753
List the prime factors of 5731763.
29, 197647
What are the prime factors of 325345?
5, 31, 2099
List the prime factors of 1951072.
2, 19, 3209
What are the prime factors of 1931593?
1931593
List the prime factors of 2867178.
2, 3, 477863
What are the prime factors of 2515908?
2, 3, 209659
List the prime factors of 6164069.
23, 268003
List the prime factors of 9152113.
71, 128903
What are the prime factors of 437632?
2, 13, 263
List the prime factors of 3267698.
2, 7, 233407
List the prime factors of 347584.
2, 5431
List the prime factors of 1102247.
19, 58013
List the prime factors of 1059697.
1059697
What are the prime factors of 183583?
17, 10799
What are the prime factors of 565778?
2, 282889
List the prime factors of 1448868.
2, 3, 120739
List the prime factors of 87802.
2, 11, 13, 307
List the prime factors of 490488.
2, 3, 107, 191
List the prime factors of 5110761.
3, 17, 23, 4357
What are the prime factors of 578199?
3, 37, 5209
What are the prime factors of 6375297?
3, 2125099
What are the prime factors of 4997046?
2, 3, 832841
What are the prime factors of 7806328?
2, 73, 13367
List the prime factors of 9531955.
5, 1906391
What are the prime factors of 465021?
3, 5741
List the prime factors of 8831783.
8831783
What are the prime factors of 607881?
3, 202627
What are the prime factors of 132450?
2, 3, 5, 883
What are the prime factors of 206696?
2, 7, 3691
List the prime factors of 975066.
2, 3, 163, 997
What are the prime factors of 4652239?
4652239
What are the prime factors of 883676?
2, 220919
List the prime factors of 385983.
3, 13, 3299
List the prime factors of 3784242.
2, 3, 7, 11, 8191
List the prime factors of 369309.
3, 257, 479
List the prime factors of 8564921.
787, 10883
List the prime factors of 724450.
2, 5, 14489
List the prime factors of 429962.
2, 13, 23, 719
List the prime factors of 124405.
5, 139, 179
What are the prime factors of 8638290?
2, 3, 5, 41, 2341
What are the prime factors of 6897869?
11, 17, 36887
What are the prime factors of 1083432?
2, 3, 7, 6449
List the prime factors of 37806.
2, 3, 6301
List the prime factors of 567556.
2, 11, 12899
What are the prime factors of 451572?
2, 3, 11, 311
What are the prime factors of 189594?
2, 3, 3511
What are the prime factors of 55129?
29, 1901
List the prime factors of 585165.
3, 5, 7, 5573
List the prime factors of 743722.
2, 7, 7589
List the prime factors of 1515015.
3, 5, 131, 257
What are the prime factors of 5934688?
2, 19, 43, 227
List the prime factors of 519132.
2, 3, 43261
List the prime factors of 52848.
2, 3, 367
What are the prime factors of 1248162?
2, 3, 277, 751
List the prime factors of 216900.
2, 3, 5, 241
List the prime factors of 12156191.
29, 173, 2423
List the prime factors of 10339848.
2, 3, 143609
What are the prime factors of 10505151?
3, 37, 31547
List the prime factors of 161661.
3, 53887
List the prime factors of 4405658.
2, 31, 71059
What are the prime factors of 9361403?
29, 322807
What are the prime factors of 10207786?
2, 17, 300229
What are the prime factors of 14653142?
2, 7, 19, 31, 1777
List the prime factors of 920797.
19, 48463
What are the prime factors of 1514814?
2, 3, 7, 36067
List the prime factors of 281721.
3, 11, 8537
What are the prime factors of 14075038?
2, 1613, 4363
List the prime factors of 534219.
3, 7, 25439
What are the prime factors of 170946?
2, 3, 9497
List the prime factors of 5255345.
5, 1051069
What are the prime factors of 3198355?
5, 639671
List the prime factors of 5580846.
2, 3, 103349
List the prime factors of 840627.
3, 23, 31, 131
What are the prime factors